 the highest common divisor of 46 and 54.
2
Calculate the highest common divisor of 576 and 2232.
72
What is the greatest common factor of 11466 and 1050?
42
What is the highest common divisor of 220 and 72?
4
What is the greatest common divisor of 89125 and 217?
31
Calculate the highest common factor of 65 and 22516.
13
Calculate the highest common divisor of 13 and 3801304.
13
Calculate the greatest common divisor of 1794 and 11706747.
897
What is the greatest common factor of 104 and 77672?
8
Calculate the highest common factor of 1953 and 392553.
1953
Calculate the greatest common divisor of 42086 and 715.
11
What is the greatest common divisor of 1624381 and 11?
11
What is the greatest common factor of 11305 and 19095?
95
What is the highest common divisor of 1776 and 1887?
111
Calculate the greatest common factor of 4879 and 5986.
41
Calculate the highest common factor of 18409 and 779.
41
What is the highest common factor of 52 and 37284?
52
Calculate the greatest common divisor of 2512 and 124.
4
What is the highest common factor of 6430823 and 322?
161
What is the greatest common divisor of 35427 and 2352?
147
What is the greatest common factor of 7361 and 187?
17
What is the highest common factor of 79068 and 660?
132
Calculate the greatest common factor of 9152 and 1088.
64
What is the greatest common divisor of 15 and 3911595?
15
Calculate the greatest common divisor of 206 and 1597118.
206
Calculate the highest common divisor of 78 and 9214335.
39
What is the greatest common factor of 268605 and 85?
5
What is the highest common divisor of 266 and 200984?
14
Calculate the highest common divisor of 5027440 and 145.
145
Calculate the highest common divisor of 488 and 278648.
488
What is the highest common divisor of 26 and 3092557?
13
Calculate the greatest common factor of 269018 and 868.
62
Calculate the greatest common divisor of 16019 and 581.
83
What is the highest common divisor of 1476 and 108117?
369
What is the greatest common divisor of 71691 and 276?
69
What is the highest common factor of 15 and 1782080?
5
What is the greatest common factor of 14697 and 62409?
213
Calculate the greatest common factor of 98 and 169883.
49
What is the greatest common factor of 2563340 and 104?
52
What is the greatest common divisor of 5208 and 158410?
434
Calculate the greatest common divisor of 751102 and 88.
22
What is the greatest common factor of 409296 and 36?
12
Calculate the greatest common divisor of 179487 and 93786.
1617
Calculate the greatest common factor of 827790 and 6150.
1230
Calculate the greatest common factor of 2964 and 639236.
988
What is the highest common divisor of 129070 and 410?
10
What is the highest common factor of 668 and 1912?
4
What is the highest common factor of 23 and 77924?
23
Calculate the highest common divisor of 1810 and 960.
10
What is the greatest common factor of 6900210 and 9?
9
What is the highest common factor of 110483 and 102?
17
Calculate the highest common divisor of 1963263 and 3.
3
What is the greatest common divisor of 13047 and 18?
3
Calculate the highest common factor of 6420 and 90.
30
Calculate the greatest common factor of 39939 and 3.
3
What is the greatest common factor of 28790 and 2710?
10
Calculate the greatest common divisor of 5512 and 12168.
104
Calculate the highest common factor of 143112 and 28124.
356
Calculate the highest common factor of 7221 and 2001.
87
Calculate the highest common factor of 297384 and 108.
12
Calculate the greatest common divisor of 301543 and 790.
79
Calculate the highest common divisor of 1071 and 66759.
357
What is the greatest common factor of 1558 and 152?
38
What is the greatest common factor of 4974 and 246?
6
What is the highest common factor of 147 and 137739?
147
Calculate the highest common factor of 337371 and 321.
321
What is the greatest common divisor of 319062 and 492?
246
What is the highest common divisor of 1372 and 203742?
686
Calculate the greatest common divisor of 1422936 and 48.
24
Calculate the highest common factor of 9625 and 38475.
25
Calculate the highest common factor of 99591 and 11563.
373
What is the highest common divisor of 35720 and 16732?
188
What is the greatest common factor of 769005 and 345?
345
Calculate the highest common factor of 40 and 27190.
10
Calculate the greatest common factor of 1802211 and 345.
69
Calculate the highest common factor of 14 and 291564.
14
What is the greatest common divisor of 141 and 2216238?
141
What is the highest common factor of 32 and 1005796?
4
Calculate the highest common divisor of 1010 and 11815.
5
Calculate the highest common factor of 27711 and 36.
9
What is the greatest common divisor of 10323 and 481?
37
What is the highest common divisor of 860 and 4720?
20
Calculate the highest common divisor of 49350 and 126.
42
Calculate the highest common divisor of 5148 and 5324.
44
What is the greatest common factor of 3920 and 315070?
490
Calculate the highest common factor of 150 and 147900.
150
Calculate the highest common factor of 123543 and 518.
259
Calculate the greatest common factor of 1386 and 32472.
198
What is the greatest common divisor of 33 and 15125?
11
Calculate the greatest common divisor of 17645 and 1570.
5
Calculate the highest common factor of 100609 and 1.
1
Calculate the greatest common divisor of 819 and 852488.
91
Calculate the greatest common factor of 17940 and 90390.
690
What is the highest common divisor of 99064 and 138852?
812
Calculate the highest common factor of 525 and 20925.
75
Calculate the highest common divisor of 65525 and 675.
25
Calculate the highest common factor of 336 and 611394.
42
Calculate the greatest common factor of 11 and 559009.
11
Calculate the highest common divisor of 81 and 46548.
27
What is the highest common factor of 9776 and 520?
104
What is the highest common divisor of 1491 and 7271607?
1491
What is the highest common divisor of 12880 and 4876?
92
Calculate the greatest common divisor of 840 and 55020.
420
Calculate the highest common divisor of 239148 and 12.
12
Calculate the greatest common divisor of 12 and 114102.
6
What is the greatest common factor of 15318 and 1794?
138
What is the highest common divisor of 5731 and 100553?
521
Calculate the greatest common factor of 26100 and 3780.
180
What is the highest common factor of 228 and 30768?
12
Calculate the greatest common factor of 582 and 57.
3
What is the highest common divisor of 1825682 and 5288?
1322
Calculate the highest common factor of 758142 and 42.
42
Calculate the highest common factor of 345 and 115644.
69
What is the greatest common factor of 36103 and 237?
79
What is the highest common divisor of 420172 and 544?
68
What is the greatest common divisor of 360693 and 438?
219
What is the highest common divisor of 195324 and 432?
12
What is the highest common divisor of 10592 and 28?
4
Calculate the greatest common divisor of 11875 and 225.
25
What is the greatest common factor of 288677 and 17?
17
Calculate the greatest common factor of 12 and 499056.
12
Calculate the greatest common divisor of 244192 and 1768.
104
What is the greatest common divisor of 351 and 7449?
39
What is the highest common factor of 84188 and 195?
13
What is the highest common factor of 38684 and 551?
19
Calculate the highest common divisor of 54 and 29034.
18
What is the greatest common factor of 149604 and 63336?
1092
What is the highest common divisor of 549 and 102987?
9
What is the greatest common factor of 33 and 59521?
11
What is the greatest common divisor of 1083 and 2444692?
361
What is the greatest common divisor of 188848 and 232?
232
What is the highest common divisor of 9810 and 83058?
654
What is the greatest common divisor of 1627415 and 167?
167
What is the highest common divisor of 24 and 39384?
24
Calculate the greatest common factor of 475 and 703.
19
What is the greatest common divisor of 667 and 69?
23
Calculate the greatest common factor of 117 and 41795.
13
Calculate the greatest common divisor of 5040 and 6832.
112
Calculate the highest common factor of 492204 and 36.
12
What is the highest common factor of 495 and 2596?
11
What is the highest common factor of 40 and 3364660?
20
What is the greatest common factor of 504062 and 78?
26
What is the gr